uppose 4*h = -h + n. List the prime factors of h.
2, 3
Let b(a) = 7*a + 16. List the prime factors of b(6).
2, 29
Let b = -37 - -56. List the prime factors of b.
19
Suppose -5*o = 123 - 18. Let v = -31 - o. What are the prime factors of ((-8)/(-5))/((-2)/v)?
2
Suppose -4*i = -39 + 15. Let b = 11 - i. Suppose 4*l - b*l + 3 = 0. List the prime factors of l.
3
Let k = -3 - -4. Suppose -2*z = -5*z. Suppose z = v - k - 5. List the prime factors of v.
2, 3
Let j(d) = 11*d - 22. List the prime factors of j(6).
2, 11
Suppose -103 = -4*d + 4*o + 61, 4*d - o - 167 = 0. List the prime factors of d.
2, 3, 7
Let b be ((-1)/((-1)/(-53)))/1. Let k = -31 - b. What are the prime factors of k?
2, 11
Let s(q) = 2*q**2 + 4*q + 4. Suppose -6 + 3 = 3*h + 2*j, 5*h + 9 = -2*j. Let g be s(h). What are the prime factors of 25*(-1 + 14/g)?
2, 5
Let l = -7 - -5. Suppose 3*x - 12 = -30. Let h = l - x. What are the prime factors of h?
2
What are the prime factors of (-2)/(-4)*(21 + 41)?
31
Let n be 24/(-30) + 2/(-10). Let d be (-25)/(-4) - n/(-4). What are the prime factors of 1 + d + -2 + 4?
3
Let y(p) = -p**3 + 3*p**2 + 4*p. Let k be y(4). Let j = k + 18. List the prime factors of j.
2, 3
Let q(o) = o**3 + 12*o**2 + o + 10. Let f be q(-12). Let j be f/4*2 - 8. What are the prime factors of 2/j*-15*3?
2, 5
Let r = -7 - -91. What are the prime factors of r?
2, 3, 7
List the prime factors of (-6)/((-31)/(-11) + -3).
3, 11
Suppose 2*m - 17 = -4*v + 7, -5*v = -4*m - 4. Suppose -5*k + v*a = -0*a - 42, -3*k - 2*a = -12. List the prime factors of k.
2, 3
Suppose 3*r - j - 45 = 0, 5*j + 45 = 2*r + r. What are the prime factors of r?
3, 5
Let w = -67 - -116. Suppose f = r + w, -3*f = -f + 2*r - 102. Suppose 5*o + 38 = k, 0*o - f = -5*k - 3*o. What are the prime factors of k?
13
Let x(i) = -i - 3. Let g(t) = -t - 2. Let b be g(5). Let z be x(b). Let f = 15 - z. List the prime factors of f.
11
Let j(p) = p**2 - 2*p + 6. Let t be j(6). Suppose -10 = -2*o + t. List the prime factors of o.
2, 5
What are the prime factors of (1*16)/(4/8)?
2
Let o(k) = -5*k + 0*k + k**2 - 4 + 6*k. Let w be -1*(2*-4)/2. List the prime factors of o(w).
2
Let g(o) = 4*o**2 - o**3 + 3*o - 12*o**2 - 5*o. List the prime factors of g(-8).
2
What are the prime factors of (330/(-5))/(-1) - 3?
3, 7
Let d = 12 - 7. Suppose 0 = -d*r + 141 - 41. List the prime factors of r.
2, 5
Suppose 4*n + 0*l + 2*l = -2, 0 = 5*n + 4*l - 5. Let x = 0 - n. List the prime factors of x.
3
Let h(r) = 5*r**3 + 2*r - 1. Let f(g) = g**3 - g**2 + 2*g - 1. Let p be f(1). Let n be h(p). What are the prime factors of n*((-6)/4)/(-3)?
3
Let m be ((-2)/5)/((-4)/120). Let r(f) = 11 - m + 2*f + 11*f**2 - 2*f**3 - 14 + f**3. List the prime factors of r(11).
7
Let j be ((-1)/4)/((-5)/100). Let m be (-3)/(-12) - 294/(-8). Suppose j*w + r - m = -r, -5*w + 31 = -4*r. List the prime factors of w.
7
Let k = 193 + -110. What are the prime factors of k?
83
Let i(z) = z**2 - z + 15. Let p(a) = a + 4. Let s be p(0). Suppose x - 3*j = 15, 2*x + 0*x - 20 = s*j. List the prime factors of i(x).
3, 5
Let y(h) = -h**3 + 9*h**2 - 11*h + 4. Let m be y(8). What are the prime factors of (m/(-15))/(2/78)?
2, 13
Let i(k) = 2*k - 4. Let u be i(6). Let z = u - -5. What are the prime factors of z?
13
Let i = 18 - 26. Let b(a) = a**3 + 7*a**2 - 10*a - 10. What are the prime factors of b(i)?
2, 3
Let b = 6 + -4. Suppose 0 = -3*o - 0*c + 3*c + 21, -b*o - 3*c = -4. Suppose -o*s = -5*m + 30, s = -3*s. List the prime factors of m.
2, 3
Suppose 2*y - 4*n + 3 = -11, -n = -y - 2. Suppose -10 = -5*x + 4*b, -b + 6 = y*x - 6*b. What are the prime factors of x?
2
Suppose -3*z + 4*f = 16, -5*z - f + 4 = -3*z. Suppose -5*r + 4 = -2*d + 3*d, z = -r - 3. List the prime factors of d.
19
Suppose s - f = 26, 2*s - 5*f - 2 = 50. What are the prime factors of s?
2, 13
Suppose -83 = 5*g + 2*j, -j + 6*j - 73 = 4*g. Let l = 33 + g. List the prime factors of l.
2
Suppose -r - 1 - 1 = 0. What are the prime factors of 17 + r - (0 - -2)?
13
Let d(c) = -c**3 + 6*c**2 - 6*c + 14. What are the prime factors of d(4)?
2, 11
Let a = -19 + 22. Suppose 2*d = -a*q - 4 + 78, 3*d + 45 = 2*q. List the prime factors of q.
2, 3
Let p(g) = -3*g - 12. List the prime factors of p(-7).
3
Let c be ((-2)/2 + 0)*7. Let t be (-2)/c + 23/(-7). What are the prime factors of 1/(-3) + (-31)/t?
2, 5
List the prime factors of (-90*10/16)/(25/(-100)).
3, 5
Let s be ((-26)/8)/(3/12). Let m = 28 + s. Let o = m - 11. List the prime factors of o.
2
Let b = 5 - 1. Suppose -o + 5*z + 3 = 0, -z - b*z - 55 = -5*o. List the prime factors of o.
13
Let s = -8 - -10. Suppose -21 - 23 = -s*o. List the prime factors of o.
2, 11
Let c = -49 + 61. What are the prime factors of c?
2, 3
Let t(h) = -h**2 - 8*h - 4. Let c be t(-7). Let w be 14/(-6) - c/(-9). Let k(o) = -2*o**3 - o**2 + 4*o + 3. What are the prime factors of k(w)?
7
Suppose -d = -5*a, -d + a = 2*a. Suppose d = 4*t + 5 - 17. What are the prime factors of t?
3
Let b be 2/(180/(-87) + 2). Let m be b + (-1)/(-2)*4. What are the prime factors of m/12*(-16)/3?
2, 3
Suppose 0 = -5*b + 2*t - 9 + 21, 5*b = 3*t + 8. Let y(m) = 0 - 3 + m**2 + 5*m + 6 - 2*m**2. What are the prime factors of y(b)?
7
Suppose 2*n + 4 = -2. Let a be 8/(-12) - 2/n. Suppose 5*h + 25 - 65 = a. What are the prime factors of h?
2
Let l be 0/(0 - (1 + 1)). Suppose -5*j + 2 + 13 = l. List the prime factors of j.
3
Suppose 2*q + 6 = 0, -10*b + 2*q - 1050 = -14*b. What are the prime factors of b?
2, 3, 11
Let s be ((-4)/(-6))/(6/9). Let x be (-48)/(-56)*(s + 13). Suppose 0 = d + 2*c - 4*c - 9, 2*c = 2*d - x. List the prime factors of d.
3
Let y(o) = o**3 - 15*o**2 + 15*o - 12. Let g = 16 - 2. List the prime factors of y(g).
2
Suppose 61 + 219 = 5*q. Let t = q - 28. What are the prime factors of t?
2, 7
Let s = 9 - 12. What are the prime factors of 1/s*(0 - 9)?
3
Suppose -5*n + 5*q = -295, 4*n - q = 265 - 41. List the prime factors of n.
5, 11
Let d(f) = -18*f - 5. What are the prime factors of d(-6)?
103
Let v = -4 + 7. Let u(o) = 2*o - 2. Let q be u(v). Suppose q*x + 2*i + 17 - 73 = 0, 5*i + 28 = 4*x. What are the prime factors of x?
2, 3
Let c be 78/24 + (-2)/8. What are the prime factors of 11/c - (-8)/24?
2
Let t = 5 + 0. Let i(d) = d**3 - 6*d**2 + 6*d. Let h be i(6). Suppose z + h = t*z. What are the prime factors of z?
3
Let y(l) = 4*l + 6. Let j be y(10). Let g = j - 15. List the prime factors of g.
31
Suppose 8 + 108 = 2*n. List the prime factors of n.
2, 29
Let t be (2/1)/(2 + 0). Let j be (-1 + t)/(-1) + -1. What are the prime factors of j + 1 + 1 + 4?
5
Suppose -2*h = -4*f - 8, 3*f = h - 4*h + 3. Suppose -4*n - h*k = -n - 17, -5*n - 3*k = -29. List the prime factors of n.
7
Suppose 4 = -x - 2. Let i be (-9)/2 - x/(-4). List the prime factors of (-26)/(-2) - (-4 - i).
11
Let u = 6 - 11. Let k be ((-2)/(-4))/(u/(-10)). List the prime factors of ((-120)/(-18))/(k/3).
2, 5
Let f = 88 + -52. List the prime factors of f.
2, 3
Suppose -22 = -2*q - 8. Let f = q + 2. List the prime factors of f.
3
Let z be 1/3 - (-165)/(-9). Let y = z + 57. What are the prime factors of y?
3, 13
Let v(c) = -2*c + 1. Let a(g) = g - 1. Let r(n) = 3*a(n) + v(n). Let t be r(2). Suppose t = -x, -4*x = 4*h + 5 - 17. List the prime factors of h.
3
Let i be ((-3)/3)/(2/(-4)). Let c(a) = a**2 - 3*a - i + 0*a + 0. What are the prime factors of c(5)?
2
Suppose 3 + 1 = 2*s. Suppose 2*v = 5*k - s, -3*k + 30 + 18 = 4*v. What are the prime factors of v?
3
Suppose 0 = -3*n + 3*t + 15, 0 = -3*n - 0*t + t + 9. Suppose 4*w + 4*m + 48 = 0, -4*w + 0 = -n*m + 60. List the prime factors of ((-12)/w)/((-4)/(-28)).
2, 3
Let r be (-6)/10 + (-4)/10. Let p be ((-6)/(-15))/((-2)/(-20)). List the prime factors of 26/p - r/2.
7
Suppose 4*k = 154 + 6. Suppose -3*a - 4*w = 32 - 127, 0 = a + 3*w - k. List the prime factors of a.
5
Suppose -4*m = -10 - 2, -z = -3*m + 6. Let k be (-75)/(-27) + (-2)/(-9). Suppose l - z*r - 22 = r, -5*r = k*l + 19. What are the prime factors of l?
2
Suppose 134 = 5*u - 2*y + y, -3*u + 3*y + 78 = 0. What are the prime factors of u?
3
Let r = -2 - 8. Let t be (r/15)/(2/3). Let w(v) = -2*v + 1. List the prime factors of w(t).
3
Suppose 0*i + 2*i = 0. Let a = 2 + i. List the prime factors of a.
2
Suppose 5 = -3*d - 2*d. What are the prime f